
13
Let j = -24 - -33. Let x be ((-552)/(-15) + -2)*15/2. What is the greatest common factor of x and j?
9
Let p(y) = 3*y**2 - 8*y + 5. Suppose -4*a + 23 = 5*c, 5*a = 2*c - 13 + 50. Let x be p(a). What is the highest common divisor of 112 and x?
16
Suppose 2*l - 3*x = l + 7, x = 2*l - 9. Suppose 3*o - l*f = -2*o + 1320, 3*f - 792 = -3*o. What is the highest common divisor of o and 48?
24
Let g(p) = -p + 3. Let a be g(6). Let q be (678/(-9) + -3)*a. Suppose -481*t + 10807 = -11800. Calculate the greatest common factor of q and t.
47
Suppose 0 = 2*m - 2*o - 66, 5*m - 155 = -2*o + 5*o. What is the greatest common factor of 132 and m?
4
Let s(k) = -19*k - 68. Let f be s(-6). Let x(n) = -2*n**2 - 20*n + 23. Let z be x(-10). What is the highest common factor of f and z?
23
Suppose 3*s - 14 = -5*p - 7, 2*s - 30 = 3*p. What is the greatest common factor of s and 2304?
9
Let d(s) = 1994*s - 642. Let v be d(3). Calculate the greatest common factor of v and 801.
267
Let n be -145*(6 - 66/10). Suppose -q + n = h, 4*q - h = 157 + 176. Calculate the highest common divisor of q and 14.
14
Suppose -8 = -2*q, -2*d + 4*q = d - 914. Let z(n) = 5*n**2 - 38*n + 134. Let t be z(4). Calculate the greatest common divisor of t and d.
62
Suppose 98*u = 61*u - 91*u + 4608. Suppose 0 = -0*m - m + 24. What is the highest common divisor of u and m?
12
Let f(c) = -5*c**2 + 132*c + 136. Let a be f(27). Calculate the highest common factor of a and 530.
5
Let m be 11*1/(-2)*(44 + 2106/(-39)). Calculate the greatest common divisor of m and 979.
11
Suppose -t + 5*c = -155 - 274, 3*t - 1317 = 5*c. What is the highest common divisor of 1628 and t?
148
Let r(f) = 6*f**2 + 17*f - 99. Let p be r(-16). What is the highest common factor of 5 and p?
5
Let f be 5562 + (2 + 4 - (-44 - -52)). Calculate the highest common divisor of f and 50.
10
Let a = 8318 - 154. Calculate the greatest common divisor of 104 and a.
52
Let s be 3*(-2)/(-6)*-10. Let w be 75/s*20/(-6). Suppose -83 = 14*g - 783. What is the greatest common divisor of w and g?
25
Let a be 1209/(-130) + 9/30. Let u(h) = 2*h**2 + 2*h - 78. Let o be u(a). Calculate the highest common divisor of o and 759.
33
Suppose -2*b - m + 1925 = 0, 3*b - 2905 = -2*m - 3*m. Suppose 155*d - 160*d = -b. What is the greatest common divisor of 256 and d?
64
Suppose 4*o - 5*j = 85, -4*o - 4*j = 4*o - 156. Calculate the highest common divisor of o and 1210.
10
Let b = 194 - -30. Suppose -b*c + 219*c = -3325. Calculate the greatest common factor of 35 and c.
35
Let q be (-58)/((-2)/(20/2)). Suppose 5*v - 1040 = 20*v - 119*v. Calculate the greatest common divisor of v and q.
10
Let q = 348 - 345. Suppose 79 = 5*v - q*d, 9*v - 12*v = 3*d - 33. Calculate the greatest common divisor of v and 91.
7
Let b(y) = -3*y**3 + 35*y**2 + 16*y - 43. Let g be b(12). Suppose z = -2*f - 149 + 176, 115 = g*z + 5*f. Calculate the greatest common divisor of z and 209.
19
Let s = 51 + -27. Let k be 9590/35 - (9 - -1). What is the greatest common divisor of k and s?
24
Suppose 3*j - 788 = -2*i, 277 = 3*j - 4*i - 523. Calculate the highest common divisor of 600 and j.
24
Let a(b) = b**3 - 8*b**2 + 9*b - 2. Let i be a(7). Suppose 8*c - i*c - s + 1504 = 0, c + 4*s - 376 = 0. What is the greatest common factor of 8 and c?
8
Let f be 1136/16 + 2 + (-64)/8. Calculate the highest common divisor of 6331 and f.
13
Let s(b) = -1181*b - 7411. Let t be s(-11). What is the greatest common divisor of t and 180?
180
Let x be ((-2)/(-3))/(9/((-243)/(-9))). Suppose -2*r - 57 = -x*f - 13, 3*f = -5*r + 58. Calculate the greatest common factor of f and 42.
21
Suppose 0 = -3*x - 5*h + 144, 196 = 5*x - 4*h + 30. What is the highest common divisor of x and 5928?
38
Let a(w) = -463*w - 622. Let k be a(-2). What is the highest common factor of 100 and k?
4
Let h = 18052 + -17215. Calculate the highest common divisor of h and 403.
31
Let k = 14167 + -14134. Calculate the highest common divisor of k and 297.
33
Suppose 0 = -5*g + 2*h - 45 + 15, 3*g + 2 = -2*h. Let p be ((-6 - -3) + 7)/(g/(-6)). Calculate the greatest common factor of p and 54.
6
Suppose 1120 = -5*d + t, d = t - 108 - 120. Let a = d + 275. What is the greatest common divisor of a and 8?
4
Let a = -6241 + 6371. What is the greatest common divisor of a and 1060?
10
Let b be ((-4)/(-9))/(50/(-225)). Let y = 63 - b. What is the highest common factor of 20 and y?
5
Let i = -29 + 36. Let z be 129 + (i/5 - (-8)/(-20)). Calculate the highest common factor of 26 and z.
26
Suppose 7*s = 4 + 59. Let j be (-405)/(-18)*120/s. What is the greatest common factor of j and 12?
12
Let n = -155469 - -155497. Let f(w) = -60*w - 1. Let v be f(-2). What is the greatest common factor of v and n?
7
Let q be (-30360)/(-16192) + 675/24. Let g(k) = k**2 + k - 2. Let o be g(-3). Let w = o + 16. Calculate the greatest common divisor of q and w.
10
Suppose 4*f + 8*n - 136 = 0, -28*f + 33*f + 3*n = 121. Let r(z) = -z**2 + 135. Let g be r(0). What is the greatest common factor of g and f?
5
Let h be (-10)/2 + 16 + 11. Let u be (-5 - -7)*h/4 - -3. Calculate the greatest common divisor of 4 and u.
2
Let x = 15666 - 15587. Calculate the greatest common divisor of x and 29941.
79
Let i = 108 + -58. Let a(s) = 3 + 4 - 4 - 17*s. Let x be a(-1). What is the highest common divisor of i and x?
10
Suppose 3*x + 7 = -j + 5*j, 3*x + 3*j = -21. Suppose 3*c = -5*m + m + 1, -4*m = -4. Let t be x*c/5 - (1 + -50). What is the highest common factor of 20 and t?
10
Suppose -1437*q + 5*b = -1435*q - 72, 0 = 3*q + 2*b - 108. What is the greatest common factor of 7116 and q?
12
Let c(b) = -3*b - 192 - 185 + 374. Let g be c(-6). Let x be 20/(2 - 33/18). Calculate the greatest common divisor of x and g.
15
Let y = -1727 - -1829. Let q = -40 + 128. Let f = y - q. Calculate the greatest common factor of 126 and f.
14
Let n(r) = -6*r + 21. Let g be n(3). Suppose -2*h + 2*w + 140 = 0, -h + 54 = w - 6*w. Suppose g*u - 25 = h. Calculate the greatest common factor of u and 44.
11
Suppose -15*k = -2 - 58. Suppose 3*g = w - 17, -k*g + 105 = 5*w + g. What is the highest common divisor of 60 and w?
20
Suppose 9 = 3*j - 3*d, 0 = 4*j - 7*j - d + 5. Calculate the highest common factor of j and 125.
1
Suppose 9735 = 14*f + 7845. Calculate the highest common divisor of 555 and f.
15
Suppose -10*r - 4*a = -5*r - 188, -2*a + 46 = r. Suppose 61 = 2*k - 11. Calculate the highest common divisor of r and k.
4
Suppose -5*j + 19 = 2*h, 3*h - 3*j = 6*h - 15. Suppose 4*n + 4*s - 76 = 0, h*n = 5*n - 2*s - 72. What is the greatest common divisor of 176 and n?
22
Let y be 32 + ((72/16 + -5)*6 - 2). What is the highest common divisor of 501 and y?
3
Let r be (-3*10/15)/(2/(-894)). Let m = -630 + r. Let v be 23 - (-1)/(-1)*-1. What is the greatest common divisor of m and v?
24
Let c = 184 + -118. Let z be -18*((-194)/(-9) - 35). Calculate the highest common divisor of c and z.
22
Let y(m) = -m**2 + m + 54. Let s be y(0). Suppose -70*r = -68*r - 36. Calculate the greatest common divisor of r and s.
18
Let u(y) = 4*y**3 - 567*y**2 - 138*y - 471. Let v be u(142). What is the highest common divisor of 3104 and v?
97
Let s = 52 - 33. Let b(m) = -51*m + 12450. Let o be b(243). What is the greatest common divisor of o and s?
19
Suppose -6*r = -4073 - 2239. Suppose -9*b + r = -244. Let c be 4/(-16) + (-146)/(-8). What is the greatest common factor of c and b?
18
Let u(d) = d**3 + 3*d**2 - d. Let i be u(-3). Suppose 2*s + 252 = 23*s. Let n be 33/((-4)/(-1) - (s + -9)). Calculate the highest common factor of i and n.
3
Let c(y) = -y**2 + 41. Let z be c(0). Let l = 41 - z. Suppose -3*u + l*u + 51 = 0. Calculate the highest common divisor of 34 and u.
17
Let w = 96641 - 15279. What is the greatest common divisor of 34 and w?
34
Suppose 48 = -41*a + 43*a. Calculate the greatest common factor of a and 1974.
6
Suppose 0 = 44*g - 4918 + 34. What is the greatest common factor of 8806 and g?
37
Let j(i) = -14*i**2 - 9*i + 2. Let o be j(-1). Let t be (-18)/o + -3 + -1. Calculate the greatest common divisor of t and 1.
1
Let n(j) = j**3 - 57*j**2 + 210*j + 142. Let l be n(53). Calculate the greatest common factor of l and 8988.
12
Let w = -20 - -27. Suppose -5*g + 41 - 21 = 0. Suppose 2*c - 10 = g. What is the greatest common factor 